{"id":18,"date":"2025-03-25T23:16:05","date_gmt":"2025-03-25T23:16:05","guid":{"rendered":"https:\/\/achipef.cl\/?page_id=18"},"modified":"2026-03-30T21:06:20","modified_gmt":"2026-03-30T21:06:20","slug":"nosotros","status":"publish","type":"page","link":"https:\/\/achipef.cl\/index.php\/nosotros\/","title":{"rendered":"Nosotros"},"content":{"rendered":"<p>[et_pb_section fb_built=\u00bb1&#8243; admin_label=\u00bbHero\u00bb _builder_version=\u00bb4.17.6&#8243; _module_preset=\u00bbdefault\u00bb locked=\u00bboff\u00bb collapsed=\u00bbon\u00bb global_colors_info=\u00bb{}\u00bb][et_pb_row _builder_version=\u00bb4.17.6&#8243; _module_preset=\u00bb5138c454-be54-4233-bd3b-f8e6a8747976&#8243; global_colors_info=\u00bb{}\u00bb][et_pb_column type=\u00bb4_4&#8243; _builder_version=\u00bb4.16&#8243; _module_preset=\u00bb73121f80-a3ef-4484-8763-c3f18e3c56d2&#8243; global_colors_info=\u00bb{}\u00bb][et_pb_heading title=\u00bbDescubre la Historia y Valores de ACHIPEF\u00bb _builder_version=\u00bb4.24.2&#8243; _module_preset=\u00bbddeb8c09-9078-4424-bc15-2efb6572e28e\u00bb locked=\u00bboff\u00bb global_colors_info=\u00bb{}\u00bb][\/et_pb_heading][\/et_pb_column][\/et_pb_row][et_pb_row _builder_version=\u00bb4.17.6&#8243; _module_preset=\u00bb5138c454-be54-4233-bd3b-f8e6a8747976&#8243; global_colors_info=\u00bb{}\u00bb][et_pb_column type=\u00bb4_4&#8243; _builder_version=\u00bb4.16&#8243; _module_preset=\u00bb73121f80-a3ef-4484-8763-c3f18e3c56d2&#8243; global_colors_info=\u00bb{}\u00bb][et_pb_image src=\u00bbhttps:\/\/images.unsplash.com\/photo-1516979187457-637abb4f9353?ixid=M3w1ODkyNzF8MHwxfHNlYXJjaHwzfHxwaHlzaWNhbCUyMGVkdWNhdGlvbiUyMGNsYXNzfGVufDB8MHx8fDE3NDI5NDQ0MTV8MA&#038;ixlib=rb-4.0.3&#038;fm=webp&#038;fit=crop&#038;crop=entropy&#038;w=1080&#038;h=600&#038;q=20&#038;dpr=2&#8243; title_text=\u00bb1080&#215;600&#8243; _builder_version=\u00bb4.24.3&#8243; _module_preset=\u00bb6ed8fd5c-62c5-4100-98c3-7b8b6d2c2ee6&#8243; box_shadow_style=\u00bbpreset4&#8243; box_shadow_horizontal=\u00bb0px\u00bb box_shadow_vertical=\u00bb24px\u00bb box_shadow_blur=\u00bb72px\u00bb box_shadow_spread=\u00bb-12px\u00bb global_colors_info=\u00bb{}\u00bb min_height=\u00bb411px\u00bb][\/et_pb_image][\/et_pb_column][\/et_pb_row][\/et_pb_section][et_pb_section fb_built=\u00bb1&#8243; admin_label=\u00bbAbout\u00bb _builder_version=\u00bb4.25.1&#8243; _module_preset=\u00bbdefault\u00bb collapsed=\u00bbon\u00bb global_colors_info=\u00bb{}\u00bb][et_pb_row _builder_version=\u00bb4.25.1&#8243; _module_preset=\u00bbdefault\u00bb global_colors_info=\u00bb{}\u00bb][et_pb_column type=\u00bb4_4&#8243; _builder_version=\u00bb4.25.1&#8243; _module_preset=\u00bbdefault\u00bb global_colors_info=\u00bb{}\u00bb][et_pb_text _builder_version=\u00bb4.27.4&#8243; _module_preset=\u00bb2c55a9c4-feed-423b-9edb-ae0b5b365cac\u00bb hover_enabled=\u00bb0&#8243; global_colors_info=\u00bb{}\u00bb sticky_enabled=\u00bb0&#8243;]<\/p>\n<p data-start=\"240\" data-end=\"376\">Hay historias que nacen desde una necesidad, y otras que nacen desde una convicci\u00f3n profunda.<br data-start=\"333\" data-end=\"336\" \/>La historia de ACHIPEF nace desde ambas.<\/p>\n<p data-start=\"378\" data-end=\"701\">Desde <strong data-start=\"384\" data-end=\"392\">1985<\/strong>, la Asociaci\u00f3n Chilena de Profesores de Educaci\u00f3n F\u00edsica ha levantado una voz firme en favor de la profesi\u00f3n, reuniendo a docentes, acad\u00e9micos y l\u00edderes comprometidos con una misma misi\u00f3n: <strong data-start=\"582\" data-end=\"700\">dignificar la Educaci\u00f3n F\u00edsica y posicionarla como un derecho esencial para el desarrollo humano y social de Chile<\/strong>.<\/p>\n<p data-start=\"703\" data-end=\"1106\">Lo que comenz\u00f3 como el sue\u00f1o de profesionales convencidos del poder transformador del movimiento, se fue convirtiendo con los a\u00f1os en una comunidad s\u00f3lida, visionaria y profundamente comprometida con el pa\u00eds. Cada encuentro, cada congreso, cada instancia de formaci\u00f3n y cada propuesta t\u00e9cnica han sido parte de una construcci\u00f3n colectiva que ha dejado huella en generaciones de profesores y estudiantes.<\/p>\n<p data-start=\"1108\" data-end=\"1655\">Y cuando la historia parec\u00eda entrar en pausa, <strong data-start=\"1154\" data-end=\"1211\">a contar del a\u00f1o 2020 ACHIPEF renace con nueva fuerza<\/strong>, gracias al esfuerzo, compromiso y convicci\u00f3n de un grupo de profesoras y profesores que, en plena pandemia, decidieron trabajar con visi\u00f3n de futuro para devolver vida a la asociaci\u00f3n. En uno de los momentos m\u00e1s desafiantes para la educaci\u00f3n y la sociedad, este grupo impuls\u00f3 un verdadero proceso de reconstrucci\u00f3n institucional, demostrando que incluso en la distancia, la vocaci\u00f3n y el sentido colectivo pod\u00edan volver a unir a la profesi\u00f3n.<\/p>\n<p data-start=\"1657\" data-end=\"1901\">Ese renacer no solo recuper\u00f3 una historia valiosa, sino que tambi\u00e9n abri\u00f3 una nueva etapa marcada por la innovaci\u00f3n, la participaci\u00f3n activa y la incidencia en los grandes debates nacionales sobre actividad f\u00edsica, salud, educaci\u00f3n y bienestar.<\/p>\n<p data-start=\"1903\" data-end=\"2244\">Nuestra historia est\u00e1 escrita por profesoras y profesores que entendieron que educar a trav\u00e9s del movimiento es tambi\u00e9n formar valores, fortalecer comunidades y abrir oportunidades para una mejor calidad de vida. Es la historia de quienes han hecho de la vocaci\u00f3n una fuerza capaz de transformar escuelas, territorios y futuras generaciones.<\/p>\n<p data-start=\"2246\" data-end=\"2538\">Hoy, m\u00e1s que mirar el pasado con orgullo, miramos el futuro con responsabilidad. Porque la historia de ACHIPEF sigue en marcha, impulsada por la pasi\u00f3n de quienes creen que la Educaci\u00f3n F\u00edsica no solo ense\u00f1a a moverse, sino tambi\u00e9n a <strong data-start=\"2480\" data-end=\"2537\">vivir mejor, convivir mejor y construir un mejor pa\u00eds<\/strong>.<\/p>\n<p>[\/et_pb_text][\/et_pb_column][\/et_pb_row][\/et_pb_section][et_pb_section fb_built=\u00bb1&#8243; admin_label=\u00bbText\u00bb _builder_version=\u00bb4.18.0&#8243; _module_preset=\u00bbdefault\u00bb locked=\u00bboff\u00bb collapsed=\u00bbon\u00bb global_colors_info=\u00bb{}\u00bb][et_pb_row column_structure=\u00bb1_3,1_3,1_3&#8243; _builder_version=\u00bb4.24.2&#8243; _module_preset=\u00bb5138c454-be54-4233-bd3b-f8e6a8747976&#8243; border_color_all=\u00bbrgba(0,0,0,0.08)\u00bb border_width_top=\u00bb2px\u00bb global_colors_info=\u00bb{}\u00bb][et_pb_column type=\u00bb1_3&#8243; _builder_version=\u00bb4.18.0&#8243; _module_preset=\u00bb73121f80-a3ef-4484-8763-c3f18e3c56d2&#8243; global_colors_info=\u00bb{}\u00bb][et_pb_heading title=\u00bbNuestros Valores\u00bb _builder_version=\u00bb4.24.2&#8243; _module_preset=\u00bb8c21dae4-c59d-4c2b-958c-0e045c7f06d6&#8243; locked=\u00bboff\u00bb global_colors_info=\u00bb{}\u00bb][\/et_pb_heading][et_pb_text _builder_version=\u00bb4.24.2&#8243; _module_preset=\u00bb2c55a9c4-feed-423b-9edb-ae0b5b365cac\u00bb locked=\u00bboff\u00bb global_colors_info=\u00bb{}\u00bb]<\/p>\n<p>En ACHIPEF, nos guiamos por valores fundamentales como la integridad, la colaboraci\u00f3n y la excelencia. Creemos firmemente en el poder transformador de la educaci\u00f3n f\u00edsica para mejorar la calidad de vida y fomentar comunidades saludables. Estos valores nos impulsan a desarrollar iniciativas que promuevan el desarrollo profesional y personal de nuestros miembros.<\/p>\n<p>[\/et_pb_text][\/et_pb_column][et_pb_column type=\u00bb1_3&#8243; _builder_version=\u00bb4.18.0&#8243; _module_preset=\u00bb73121f80-a3ef-4484-8763-c3f18e3c56d2&#8243; global_colors_info=\u00bb{}\u00bb][et_pb_heading title=\u00bbCompromiso con la Comunidad\u00bb _builder_version=\u00bb4.24.2&#8243; _module_preset=\u00bb8c21dae4-c59d-4c2b-958c-0e045c7f06d6&#8243; locked=\u00bboff\u00bb global_colors_info=\u00bb{}\u00bb][\/et_pb_heading][et_pb_text _builder_version=\u00bb4.24.2&#8243; _module_preset=\u00bb2c55a9c4-feed-423b-9edb-ae0b5b365cac\u00bb locked=\u00bboff\u00bb global_colors_info=\u00bb{}\u00bb]<\/p>\n<p>Nuestra asociaci\u00f3n se dedica a fortalecer la comunidad de profesores de educaci\u00f3n f\u00edsica en Chile, promoviendo un entorno de apoyo y crecimiento mutuo. A trav\u00e9s de nuestras actividades, buscamos inspirar a nuestros miembros a liderar con pasi\u00f3n y dedicaci\u00f3n.<\/p>\n<p>[\/et_pb_text][\/et_pb_column][et_pb_column type=\u00bb1_3&#8243; _builder_version=\u00bb4.18.0&#8243; _module_preset=\u00bb73121f80-a3ef-4484-8763-c3f18e3c56d2&#8243; global_colors_info=\u00bb{}\u00bb][et_pb_heading title=\u00bbInnovaci\u00f3n y Desarrollo\u00bb _builder_version=\u00bb4.24.2&#8243; _module_preset=\u00bb8c21dae4-c59d-4c2b-958c-0e045c7f06d6&#8243; locked=\u00bboff\u00bb global_colors_info=\u00bb{}\u00bb][\/et_pb_heading][et_pb_text _builder_version=\u00bb4.24.2&#8243; _module_preset=\u00bb2c55a9c4-feed-423b-9edb-ae0b5b365cac\u00bb locked=\u00bboff\u00bb global_colors_info=\u00bb{}\u00bb]<\/p>\n<p>La innovaci\u00f3n es clave en nuestra misi\u00f3n. Nos esforzamos por estar a la vanguardia de las tendencias educativas, implementando nuevas metodolog\u00edas y tecnolog\u00edas que enriquezcan la ense\u00f1anza y aprendizaje de la educaci\u00f3n f\u00edsica.<\/p>\n<p>[\/et_pb_text][\/et_pb_column][\/et_pb_row][\/et_pb_section][et_pb_section fb_built=\u00bb1&#8243; admin_label=\u00bbText\u00bb _builder_version=\u00bb4.18.0&#8243; _module_preset=\u00bbdefault\u00bb locked=\u00bboff\u00bb collapsed=\u00bbon\u00bb global_colors_info=\u00bb{}\u00bb][et_pb_row column_structure=\u00bb1_2,1_2&#8243; _builder_version=\u00bb4.23.1&#8243; _module_preset=\u00bb5138c454-be54-4233-bd3b-f8e6a8747976&#8243; custom_padding=\u00bb||0px|||\u00bb global_colors_info=\u00bb{}\u00bb][et_pb_column type=\u00bb1_2&#8243; _builder_version=\u00bb4.16.1&#8243; _module_preset=\u00bb73121f80-a3ef-4484-8763-c3f18e3c56d2&#8243; global_colors_info=\u00bb{}\u00bb][et_pb_heading title=\u00bbNuestro Prop\u00f3sito\u00bb _builder_version=\u00bb4.24.2&#8243; _module_preset=\u00bbf0c675ea-2574-4d0e-b725-30f8550a8550&#8243; title_text_color=\u00bbgcid-primary-color\u00bb global_colors_info=\u00bb{%22gcid-primary-color%22:%91%22title_text_color%22%93}\u00bb][\/et_pb_heading][\/et_pb_column][et_pb_column type=\u00bb1_2&#8243; _builder_version=\u00bb4.16.1&#8243; _module_preset=\u00bb73121f80-a3ef-4484-8763-c3f18e3c56d2&#8243; global_colors_info=\u00bb{}\u00bb][\/et_pb_column][\/et_pb_row][et_pb_row column_structure=\u00bb1_2,1_2&#8243; _builder_version=\u00bb4.23.1&#8243; _module_preset=\u00bb5138c454-be54-4233-bd3b-f8e6a8747976&#8243; custom_padding=\u00bb0px|||||\u00bb global_colors_info=\u00bb{}\u00bb][et_pb_column type=\u00bb1_2&#8243; _builder_version=\u00bb4.16.1&#8243; _module_preset=\u00bb73121f80-a3ef-4484-8763-c3f18e3c56d2&#8243; global_colors_info=\u00bb{}\u00bb][et_pb_heading title=\u00bbCompromiso con la Educaci\u00f3n F\u00edsica\u00bb _builder_version=\u00bb4.24.2&#8243; _module_preset=\u00bbba4a6336-701f-47b8-bf5c-09da0ce28016&#8243; global_colors_info=\u00bb{}\u00bb][\/et_pb_heading][\/et_pb_column][et_pb_column type=\u00bb1_2&#8243; _builder_version=\u00bb4.16.1&#8243; _module_preset=\u00bb73121f80-a3ef-4484-8763-c3f18e3c56d2&#8243; global_colors_info=\u00bb{}\u00bb][et_pb_text _builder_version=\u00bb4.24.2&#8243; _module_preset=\u00bb2c55a9c4-feed-423b-9edb-ae0b5b365cac\u00bb locked=\u00bboff\u00bb global_colors_info=\u00bb{}\u00bb]<\/p>\n<p>En ACHIPEF, nuestro prop\u00f3sito es fortalecer la profesi\u00f3n de la Educaci\u00f3n F\u00edsica en Chile, apoyando a los educadores en su desarrollo profesional y promoviendo la importancia de la actividad f\u00edsica en la sociedad. Nos comprometemos a ser un recurso valioso para los profesores, ofreciendo oportunidades de formaci\u00f3n continua y fomentando el intercambio de conocimientos y experiencias.<\/p>\n<p>[\/et_pb_text][\/et_pb_column][\/et_pb_row][\/et_pb_section][et_pb_section fb_built=\u00bb1&#8243; admin_label=\u00bbTeam\u00bb _builder_version=\u00bb4.18.0&#8243; _module_preset=\u00bbdefault\u00bb locked=\u00bboff\u00bb collapsed=\u00bbon\u00bb global_colors_info=\u00bb{}\u00bb][et_pb_row _builder_version=\u00bb4.18.0&#8243; _module_preset=\u00bb5138c454-be54-4233-bd3b-f8e6a8747976&#8243; locked=\u00bboff\u00bb global_colors_info=\u00bb{}\u00bb][et_pb_column type=\u00bb4_4&#8243; _builder_version=\u00bb4.17.1&#8243; _module_preset=\u00bb73121f80-a3ef-4484-8763-c3f18e3c56d2&#8243; global_colors_info=\u00bb{}\u00bb][et_pb_heading title=\u00bbNuestro Equipo\u00bb _builder_version=\u00bb4.24.2&#8243; _module_preset=\u00bbc33f07d9-41e0-421a-8799-5799df695cce\u00bb title_text_align=\u00bbcenter\u00bb global_colors_info=\u00bb{}\u00bb][\/et_pb_heading][\/et_pb_column][\/et_pb_row][et_pb_row column_structure=\u00bb1_4,1_4,1_4,1_4&#8243; _builder_version=\u00bb4.18.0&#8243; _module_preset=\u00bb5138c454-be54-4233-bd3b-f8e6a8747976&#8243; global_colors_info=\u00bb{}\u00bb][et_pb_column type=\u00bb1_4&#8243; _builder_version=\u00bb4.17.2&#8243; _module_preset=\u00bb73121f80-a3ef-4484-8763-c3f18e3c56d2&#8243; global_colors_info=\u00bb{}\u00bb][et_pb_team_member name=\u00bbMaickel Avil\u00e9s\u00bb position=\u00bbPresidente\u00bb image_url=\u00bbhttps:\/\/achipef.cl\/wp-content\/uploads\/2025\/03\/logotipo-final-ACHIPEF_PNG-alta.png\u00bb _builder_version=\u00bb4.27.4&#8243; _module_preset=\u00bbd72acfcc-77a9-4562-9787-281e412bdede\u00bb header_font_size=\u00bb15px\u00bb locked=\u00bboff\u00bb global_colors_info=\u00bb{%22gcid-36fd78a7-34bc-404d-873c-dafa34efaae5%22:%91%22icon_color%22,%22icon_color%22,%22icon_color%22,%22icon_color%22,%22icon_color%22,%22icon_color%22,%22icon_color%22,%22icon_color%22,%22icon_color%22,%22icon_color%22%93,%22gcid-7cadd8b3-5228-48e4-90c4-212d09232f7b%22:%91%22header_text_color%22,%22header_text_color%22,%22header_text_color%22%93,%22gcid-79b39b81-644f-4ab7-865f-b460373c4fde%22:%91%22position_text_color%22%93}\u00bb][\/et_pb_team_member][\/et_pb_column][et_pb_column type=\u00bb1_4&#8243; _builder_version=\u00bb4.17.2&#8243; _module_preset=\u00bb73121f80-a3ef-4484-8763-c3f18e3c56d2&#8243; global_colors_info=\u00bb{}\u00bb][et_pb_team_member name=\u00bbJorge Flandez\u00bb position=\u00bbVicepresidente\u00bb image_url=\u00bbhttps:\/\/achipef.cl\/wp-content\/uploads\/2025\/03\/logotipo-final-ACHIPEF_PNG-alta.png\u00bb _builder_version=\u00bb4.27.4&#8243; _module_preset=\u00bbd72acfcc-77a9-4562-9787-281e412bdede\u00bb header_font_size=\u00bb15px\u00bb locked=\u00bboff\u00bb global_colors_info=\u00bb{%22gcid-36fd78a7-34bc-404d-873c-dafa34efaae5%22:%91%22icon_color%22,%22icon_color%22,%22icon_color%22,%22icon_color%22,%22icon_color%22,%22icon_color%22,%22icon_color%22,%22icon_color%22,%22icon_color%22,%22icon_color%22%93,%22gcid-7cadd8b3-5228-48e4-90c4-212d09232f7b%22:%91%22header_text_color%22,%22header_text_color%22,%22header_text_color%22%93,%22gcid-79b39b81-644f-4ab7-865f-b460373c4fde%22:%91%22position_text_color%22%93}\u00bb][\/et_pb_team_member][\/et_pb_column][et_pb_column type=\u00bb1_4&#8243; _builder_version=\u00bb4.17.2&#8243; _module_preset=\u00bb73121f80-a3ef-4484-8763-c3f18e3c56d2&#8243; global_colors_info=\u00bb{}\u00bb][et_pb_team_member name=\u00bbAntonio Castillo\u00bb position=\u00bbSecretario\u00bb image_url=\u00bbhttps:\/\/achipef.cl\/wp-content\/uploads\/2025\/03\/logotipo-final-ACHIPEF_PNG-alta.png\u00bb _builder_version=\u00bb4.27.4&#8243; _module_preset=\u00bbd72acfcc-77a9-4562-9787-281e412bdede\u00bb header_font_size=\u00bb15px\u00bb locked=\u00bboff\u00bb global_colors_info=\u00bb{%22gcid-36fd78a7-34bc-404d-873c-dafa34efaae5%22:%91%22icon_color%22,%22icon_color%22,%22icon_color%22,%22icon_color%22,%22icon_color%22,%22icon_color%22,%22icon_color%22,%22icon_color%22,%22icon_color%22,%22icon_color%22%93,%22gcid-7cadd8b3-5228-48e4-90c4-212d09232f7b%22:%91%22header_text_color%22,%22header_text_color%22,%22header_text_color%22%93,%22gcid-79b39b81-644f-4ab7-865f-b460373c4fde%22:%91%22position_text_color%22%93}\u00bb][\/et_pb_team_member][\/et_pb_column][et_pb_column type=\u00bb1_4&#8243; _builder_version=\u00bb4.17.2&#8243; _module_preset=\u00bb73121f80-a3ef-4484-8763-c3f18e3c56d2&#8243; global_colors_info=\u00bb{}\u00bb][et_pb_team_member name=\u00bbManuel Rojas\u00bb position=\u00bbTesorero\u00bb image_url=\u00bbhttps:\/\/achipef.cl\/wp-content\/uploads\/2025\/03\/logotipo-final-ACHIPEF_PNG-alta.png\u00bb _builder_version=\u00bb4.27.4&#8243; _module_preset=\u00bbd72acfcc-77a9-4562-9787-281e412bdede\u00bb header_font_size=\u00bb15px\u00bb locked=\u00bboff\u00bb global_colors_info=\u00bb{%22gcid-36fd78a7-34bc-404d-873c-dafa34efaae5%22:%91%22icon_color%22,%22icon_color%22,%22icon_color%22,%22icon_color%22,%22icon_color%22,%22icon_color%22,%22icon_color%22,%22icon_color%22,%22icon_color%22,%22icon_color%22%93,%22gcid-7cadd8b3-5228-48e4-90c4-212d09232f7b%22:%91%22header_text_color%22,%22header_text_color%22,%22header_text_color%22%93,%22gcid-79b39b81-644f-4ab7-865f-b460373c4fde%22:%91%22position_text_color%22%93}\u00bb][\/et_pb_team_member][\/et_pb_column][\/et_pb_row][et_pb_row column_structure=\u00bb1_3,1_3,1_3&#8243; _builder_version=\u00bb4.18.0&#8243; _module_preset=\u00bb5138c454-be54-4233-bd3b-f8e6a8747976&#8243; global_colors_info=\u00bb{}\u00bb][et_pb_column type=\u00bb1_3&#8243; _builder_version=\u00bb4.17.2&#8243; _module_preset=\u00bb73121f80-a3ef-4484-8763-c3f18e3c56d2&#8243; global_colors_info=\u00bb{}\u00bb][et_pb_team_member name=\u00bbHans Reinike\u00bb position=\u00bbDirector\u00bb image_url=\u00bbhttps:\/\/achipef.cl\/wp-content\/uploads\/2025\/03\/logotipo-final-ACHIPEF_PNG-alta.png\u00bb _builder_version=\u00bb4.27.4&#8243; _module_preset=\u00bbd72acfcc-77a9-4562-9787-281e412bdede\u00bb header_font_size=\u00bb15px\u00bb locked=\u00bboff\u00bb global_colors_info=\u00bb{%22gcid-36fd78a7-34bc-404d-873c-dafa34efaae5%22:%91%22icon_color%22,%22icon_color%22,%22icon_color%22,%22icon_color%22,%22icon_color%22,%22icon_color%22,%22icon_color%22,%22icon_color%22,%22icon_color%22,%22icon_color%22%93,%22gcid-7cadd8b3-5228-48e4-90c4-212d09232f7b%22:%91%22header_text_color%22,%22header_text_color%22,%22header_text_color%22%93,%22gcid-79b39b81-644f-4ab7-865f-b460373c4fde%22:%91%22position_text_color%22%93}\u00bb][\/et_pb_team_member][\/et_pb_column][et_pb_column type=\u00bb1_3&#8243; _builder_version=\u00bb4.17.2&#8243; _module_preset=\u00bb73121f80-a3ef-4484-8763-c3f18e3c56d2&#8243; global_colors_info=\u00bb{}\u00bb][et_pb_team_member name=\u00bbDiego Manzo\u00bb position=\u00bbDirector\u00bb image_url=\u00bbhttps:\/\/achipef.cl\/wp-content\/uploads\/2025\/03\/logotipo-final-ACHIPEF_PNG-alta.png\u00bb _builder_version=\u00bb4.27.4&#8243; _module_preset=\u00bbd72acfcc-77a9-4562-9787-281e412bdede\u00bb header_font_size=\u00bb15px\u00bb locked=\u00bboff\u00bb global_colors_info=\u00bb{%22gcid-36fd78a7-34bc-404d-873c-dafa34efaae5%22:%91%22icon_color%22,%22icon_color%22,%22icon_color%22,%22icon_color%22,%22icon_color%22,%22icon_color%22,%22icon_color%22,%22icon_color%22,%22icon_color%22,%22icon_color%22%93,%22gcid-7cadd8b3-5228-48e4-90c4-212d09232f7b%22:%91%22header_text_color%22,%22header_text_color%22,%22header_text_color%22%93,%22gcid-79b39b81-644f-4ab7-865f-b460373c4fde%22:%91%22position_text_color%22%93}\u00bb][\/et_pb_team_member][\/et_pb_column][et_pb_column type=\u00bb1_3&#8243; _builder_version=\u00bb4.17.2&#8243; _module_preset=\u00bb73121f80-a3ef-4484-8763-c3f18e3c56d2&#8243; global_colors_info=\u00bb{}\u00bb][et_pb_team_member name=\u00bbReinaldo Quinchao\u00bb position=\u00bbDirector\u00bb image_url=\u00bbhttps:\/\/achipef.cl\/wp-content\/uploads\/2025\/03\/logotipo-final-ACHIPEF_PNG-alta.png\u00bb _builder_version=\u00bb4.27.4&#8243; _module_preset=\u00bbd72acfcc-77a9-4562-9787-281e412bdede\u00bb header_font_size=\u00bb15px\u00bb locked=\u00bboff\u00bb global_colors_info=\u00bb{%22gcid-36fd78a7-34bc-404d-873c-dafa34efaae5%22:%91%22icon_color%22,%22icon_color%22,%22icon_color%22,%22icon_color%22,%22icon_color%22,%22icon_color%22,%22icon_color%22,%22icon_color%22,%22icon_color%22,%22icon_color%22%93,%22gcid-7cadd8b3-5228-48e4-90c4-212d09232f7b%22:%91%22header_text_color%22,%22header_text_color%22,%22header_text_color%22%93,%22gcid-79b39b81-644f-4ab7-865f-b460373c4fde%22:%91%22position_text_color%22%93}\u00bb][\/et_pb_team_member][\/et_pb_column][\/et_pb_row][\/et_pb_section][et_pb_section fb_built=\u00bb1&#8243; admin_label=\u00bbCall to Action\u00bb _builder_version=\u00bb4.18.0&#8243; _module_preset=\u00bbdefault\u00bb locked=\u00bboff\u00bb collapsed=\u00bbon\u00bb global_colors_info=\u00bb{}\u00bb][et_pb_row column_structure=\u00bb3_5,2_5&#8243; _builder_version=\u00bb4.24.3&#8243; _module_preset=\u00bb333b8a65-5730-490d-b80e-51611171c668&#8243; border_radii=\u00bbon|6px|6px|6px|6px\u00bb global_colors_info=\u00bb{}\u00bb][et_pb_column type=\u00bb3_5&#8243; _builder_version=\u00bb4.17.6&#8243; _module_preset=\u00bb73121f80-a3ef-4484-8763-c3f18e3c56d2&#8243; global_colors_info=\u00bb{}\u00bb][et_pb_heading title=\u00bb\u00danete a Nosotros\u00bb _builder_version=\u00bb4.24.3&#8243; _module_preset=\u00bbc33f07d9-41e0-421a-8799-5799df695cce\u00bb title_text_color=\u00bb#FFFFFF\u00bb global_colors_info=\u00bb{}\u00bb][\/et_pb_heading][et_pb_text _builder_version=\u00bb4.24.2&#8243; _module_preset=\u00bb0504de1e-f5ff-4281-ba60-cbbe4edf98bc\u00bb locked=\u00bboff\u00bb global_colors_info=\u00bb{%22gcid-36fd78a7-34bc-404d-873c-dafa34efaae5%22:%91%22icon_color%22,%22icon_color%22,%22icon_color%22,%22icon_color%22,%22link_text_color%22,%22icon_color%22,%22icon_color%22,%22icon_color%22,%22icon_color%22,%22link_text_color%22%93}\u00bb]<\/p>\n<p>Te invitamos a ser parte de ACHIPEF y contribuir al crecimiento de la Educaci\u00f3n F\u00edsica en Chile. Participa en nuestras actividades, eventos y programas de formaci\u00f3n para fortalecer tus habilidades y expandir tu red profesional. Juntos, podemos marcar la diferencia en el \u00e1mbito educativo y promover un estilo de vida saludable.<\/p>\n<p>[\/et_pb_text][\/et_pb_column][et_pb_column type=\u00bb2_5&#8243; _builder_version=\u00bb4.18.0&#8243; _module_preset=\u00bb73121f80-a3ef-4484-8763-c3f18e3c56d2&#8243; global_colors_info=\u00bb{}\u00bb][et_pb_button button_url=\u00bbmailto:achipef@gmail.com\u00bb url_new_window=\u00bbon\u00bb button_text=\u00bbHazte Miembro\u00bb button_alignment=\u00bbright\u00bb _builder_version=\u00bb4.27.4&#8243; _module_preset=\u00bbab15fb74-61a3-43aa-96b3-41e09aeef654&#8243; hover_enabled=\u00bb0&#8243; global_colors_info=\u00bb{}\u00bb sticky_enabled=\u00bb0&#8243;][\/et_pb_button][\/et_pb_column][\/et_pb_row][\/et_pb_section]<\/p>\n","protected":false},"excerpt":{"rendered":"<p>Hay historias que nacen desde una necesidad, y otras que nacen desde una convicci\u00f3n profunda.La historia de ACHIPEF nace desde ambas. Desde 1985, la Asociaci\u00f3n Chilena de Profesores de Educaci\u00f3n F\u00edsica ha levantado una voz firme en favor de la profesi\u00f3n, reuniendo a docentes, acad\u00e9micos y l\u00edderes comprometidos con una misma misi\u00f3n: dignificar la Educaci\u00f3n [&hellip;]<\/p>\n","protected":false},"author":1,"featured_media":0,"parent":0,"menu_order":0,"comment_status":"closed","ping_status":"closed","template":"","meta":{"_et_pb_use_builder":"on","_et_pb_old_content":"","_et_gb_content_width":"","footnotes":""},"class_list":["post-18","page","type-page","status-publish","hentry"],"_links":{"self":[{"href":"https:\/\/achipef.cl\/index.php\/wp-json\/wp\/v2\/pages\/18","targetHints":{"allow":["GET"]}}],"collection":[{"href":"https:\/\/achipef.cl\/index.php\/wp-json\/wp\/v2\/pages"}],"about":[{"href":"https:\/\/achipef.cl\/index.php\/wp-json\/wp\/v2\/types\/page"}],"author":[{"embeddable":true,"href":"https:\/\/achipef.cl\/index.php\/wp-json\/wp\/v2\/users\/1"}],"replies":[{"embeddable":true,"href":"https:\/\/achipef.cl\/index.php\/wp-json\/wp\/v2\/comments?post=18"}],"version-history":[{"count":3,"href":"https:\/\/achipef.cl\/index.php\/wp-json\/wp\/v2\/pages\/18\/revisions"}],"predecessor-version":[{"id":115,"href":"https:\/\/achipef.cl\/index.php\/wp-json\/wp\/v2\/pages\/18\/revisions\/115"}],"wp:attachment":[{"href":"https:\/\/achipef.cl\/index.php\/wp-json\/wp\/v2\/media?parent=18"}],"curies":[{"name":"wp","href":"https:\/\/api.w.org\/{rel}","templated":true}]}}